 m(-37).
-333
Let f(x) = -5*x**3 - x**2 + 2*x - 100. Give f(0).
-100
Let q(o) = -4139*o + 16566. Determine q(4).
10
Let c(y) = 76*y + 43. Calculate c(-2).
-109
Let k(h) = -2*h**2 - 43*h + 94. What is k(2)?
0
Let z(s) = s**3 + s**2 - s + 33. Calculate z(0).
33
Let n(t) = -10*t**3 + 4*t**2 + 32*t - 34. What is n(1)?
-8
Let c(v) = 8*v**2 + 128*v + 121. What is c(-15)?
1
Let i(d) = -2*d**3 + 340*d**2 + 335*d + 1196. What is i(171)?
-1
Let c(n) = -101*n**3 + n**2 + 4*n + 2. Give c(-1).
100
Let b(o) = -15*o + 157. Give b(16).
-83
Let x(u) = u**2 + 24*u - 101. Calculate x(-27).
-20
Let x(p) = 410*p + 1702. Give x(-4).
62
Let d(v) = v**2 + 67*v + 1093. What is d(-31)?
-23
Let s(q) = -1744*q + 20916. Give s(12).
-12
Let t(l) = -8347*l + 41730. Calculate t(5).
-5
Let y(v) = -827*v + 16566. Determine y(20).
26
Let z(n) = 6*n**2 + 27*n - 149. Determine z(6).
229
Let t(i) = 2*i**3 - 106*i**2 + 305*i - 192. Give t(50).
58
Let x(y) = -3*y**2 - 141*y + 4. Give x(-47).
4
Let g(n) = 402*n + 3993. Determine g(-10).
-27
Let y(u) = 6*u**2 + 934*u - 2214. What is y(-158)?
-2
Let o(p) = -13*p**2 + 6*p - 62. Give o(5).
-357
Let b(f) = 19*f - 818. Determine b(42).
-20
Let x(f) = 2*f**2 + 186*f + 559. Calculate x(-3).
19
Let g(x) = -x**3 - 94*x**2 - 1194*x - 719. Determine g(-79).
-8
Let l(j) = -j**3 + 37*j**2 - 329*j + 478. Determine l(11).
5
Let f(b) = b**3 - 52*b**2 + 156*b - 428. Calculate f(49).
13
Let q(n) = -27*n**2 - 152*n + 47. Give q(-6).
-13
Let x(r) = -9*r**3 - 51*r**2 - 150*r - 6. What is x(-3)?
228
Let r(q) = q**3 - 14*q**2 + 24*q - 426. Determine r(14).
-90
Let q(v) = -15*v**3 - v**2 - 8*v - 2. Determine q(-3).
418
Let l(p) = -94*p - 963. What is l(-9)?
-117
Let o(d) = -154*d**2 - 558*d - 17. Determine o(-4).
-249
Let u(y) = -16*y**2 - 254*y + 15. Give u(-16).
-17
Let p(u) = 2*u**3 + 49*u**2 - 81*u - 74. Give p(-26).
4
Let y(b) = b**2 - 54*b + 438. Calculate y(14).
-122
Let h(b) = -13*b**2 - 88*b + 26. What is h(-7)?
5
Let m(g) = 6*g + 100. Determine m(-32).
-92
Let k(s) = 33*s - 1383. Calculate k(42).
3
Let r(z) = -3*z**3 + 2*z**2 + 17*z - 21. What is r(0)?
-21
Let h(m) = -19*m + 12. Calculate h(1).
-7
Let w(m) = -112*m**2 + 4593*m - 54. Calculate w(41).
-13
Let w(p) = -169*p + 39. What is w(3)?
-468
Let c(g) = 2*g**3 - 163*g**2 + 399*g - 386. Calculate c(79).
-70
Let i(d) = d**3 + 38*d**2 + 46*d + 81. What is i(-37)?
-252
Let t(v) = -3*v**2 + 282*v + 67317. Determine t(-110).
-3
Let t(g) = -65*g**3 + 261*g**2 + 2*g - 1. Determine t(4).
23
Let y(p) = 4*p**2 + 19*p - 1. Give y(-3).
-22
Let p(y) = -7*y**3 - 58*y**2 + 136. Determine p(-8).
8
Let d(z) = -5*z**3 + 10*z**2 - 3*z - 1. Give d(2).
-7
Let u(x) = -x**2 + 37*x - 87. Determine u(34).
15
Let r(d) = -85*d + 4234. Determine r(50).
-16
Let r(f) = -303*f + 11481. Give r(38).
-33
Let x(h) = h**3 - 129*h**2 + 2677*h + 143. Calculate x(103).
40
Let m(j) = 404*j - 7706. Calculate m(19).
-30
Let t(o) = 2*o**3 - 113*o**2 + 167*o - 86. Determine t(55).
24
Let z(t) = 9*t + 923. What is z(-97)?
50
Let n(d) = 24*d - 2245. Determine n(98).
107
Let i(j) = -1034*j + 3112. Calculate i(3).
10
Let v(r) = -r**2 + 5*r + 112. What is v(20)?
-188
Let x(c) = c**3 - 5*c**2 + 171*c - 871. Give x(5).
-16
Let w(y) = 91*y - 10180. What is w(112)?
12
Let k(d) = 455*d + 20058. Determine k(-44).
38
Let o(q) = -2*q**3 + 4*q + 11. Give o(4).
-101
Let u(d) = d**3 + 12*d**2 - d - 29. What is u(-12)?
-17
Let t(q) = 18*q - 234. Determine t(13).
0
Let n(y) = y**2 - 48*y - 43. Calculate n(49).
6
Let l(p) = -16*p - 44. Give l(-14).
180
Let d(y) = -2*y**2 - 153*y - 888. Give d(-70).
22
Let z(a) = -3*a**2 - 100*a - 359. What is z(-4)?
-7
Let u(q) = -q**3 + q**2 - 3*q + 25. What is u(5)?
-90
Let v(o) = 214*o - 28984. Give v(135).
-94
Let w(l) = -17*l + 664. Calculate w(39).
1
Let f(d) = -50*d - 52. What is f(5)?
-302
Let z(b) = 3*b**3 - 16*b**2 + 29*b + 2. Determine z(6).
248
Let z(p) = p**3 - 22*p**2 - 208*p - 384. What is z(-5)?
-19
Let t(b) = 2*b**2 - 36*b + 121. Give t(14).
9
Let o(g) = 32*g**2 - 132*g - 1. Determine o(4).
-17
Let r(q) = -125*q - 598. Determine r(-5).
27
Let i(a) = 1008*a**3 - 2*a**2 + 21*a - 20. Determine i(1).
1007
Let o(p) = -p**3 + 7*p**2 + 17*p - 23. What is o(1)?
0
Let w(f) = -f**3 + 6*f**2 + 50*f - 190. Give w(9).
17
Let i(u) = -9*u**3 + 71*u**2 + 20*u - 109. Give i(8).
-13
Let r(c) = c**2 + 57*c + 567. Give r(-44).
-5
Let q(o) = -9*o**2 + 11*o - 35. Determine q(5).
-205
Let q(c) = -c**2 + 882*c - 67752. Determine q(85).
-7
Let p(k) = -22*k - 221. What is p(-10)?
-1
Let k(n) = 30*n**2 - 14*n + 15. Determine k(1).
31
Let r(h) = -145*h**2 + 11745*h + 1. What is r(81)?
1
Let l(d) = d**2 + 58*d - 290. Determine l(-63).
25
Let h(o) = 1064*o + 27672. What is h(-26)?
8
Let g(m) = -m**3 - 199*m**2 - 580*m + 1600. What is g(-196)?
32
Let v(r) = r**2 + 25*r - 90. Determine v(-31).
96
Let x(q) = 19*q**2 - 415*q - 105. Give x(22).
-39
Let p(c) = 5*c**2 + 67*c + 182. Give p(-10).
12
Let i(w) = -w**3 + 78*w**2 - 1456*w - 52. What is i(47)?
-5
Let q(h) = -2*h**2 + 20*h + 74. What is q(-3)?
-4
Let l(s) = -35*s + 1194. Calculate l(34).
4
Let c(j) = 8*j + 127. Determine c(-25).
-73
Let c(h) = -h**3 + 18*h**2 - 87*h + 56. Give c(9).
2
Let p(k) = 5*k + 109. Determine p(12).
169
Let l(w) = 2*w**3 - 3*w**2 + 5*w + 5. Determine l(3).
47
Let x(b) = -76*b - 191. What is x(-3)?
37
Let j(i) = i**3 - 15*i**2 + 62*i + 17. Determine j(7).
59
Let g(a) = a**2 - 94*a - 5183. Give g(133).
4
Let p(r) = 2390*r + 11946. What is p(-5)?
-4
Let y(o) = -o**3 - 29*o**2 - 37*o - 1984. What is y(-30)?
26
Let l(x) = -12*x**2 + 32*x - 19. What is l(4)?
-83
Let t(m) = -m**3 - 7*m**2 - 27*m - 105. Give t(-5).
-20
Let w(x) = -x + 38. Give w(19).
19
Let f(l) = -2*l**3 + 26*l**2 + 93*l + 59. Give f(16).
11
Let a(w) = -11*w - 174. Calculate a(-17).
13
Let o(m) = -3*m**2 - 72*m - 193. What is o(-21)?
-4
Let n(d) = -22*d - 376. Give n(-16).
-24
Let d(f) = -8*f**3 + 49*f**2 + 43*f + 17. What is d(7)?
-25
Let i(h) = 212*h + 16191. Give i(-76).
79
Let b(s) = -33*s + 2015. What is b(61)?
2
Let m(i) = 58*i + 2293. Calculate m(-40).
-27
Let u(j) = 166*j**3 + 4*j**2 - 17*j + 14. What is u(1)?
167
Let s(p) = 23*p + 272. Determine s(-13).
-27
Let v(w) = w**3 - 59*w**2 + 432*w - 3530. Determine v(52).
6
Let p(o) = 2*o**2 + 37*o + 293. Calculate p(-10).
123
Let y(j) = -j**3 - 3*j**2 - 14*j - 6. Give y(-7).
288
Let b(p) = 16*p - 211. Determine b(14).
13
Let x(b) = -b**2 + 30*b - 745. Calculate x(21).
-556
Let r(b) = -b**3 - 4*b**2 - 22*b - 62. Give r(-3).
-5
Let t(v) = 7*v**2 + 107*v - 18. Give t(-16).
62
Let j(p) = -5*p**2 - 23*p - 21. Determine j(-7).
-105
Let g(p) = p**3 - 15*p**2 - 13*p - 6. Determine g(16).
42
Let j(a) = a**3 - 5*a**2 + 206*a - 1277. What is j(6)?
-5
Let z(h) = 105*h - 143. What is z(1)?
-38
Let r(u) = -2*u**2 + 12*u + 360. Calculate r(-12).
-72
Let o(w) = w**3 - 29*w**2 + 152*w + 45. Calculate o(22).
1
Let v(u) = u**3 - 24*u**2 + 29*u - 685. Determine v(24).
11
Let h(v) = -11*v**3 + 2*v**2 + 5*v - 7. Give h(1).
-11
Let r(q) = 2*q**2 - 84*q + 88. Determine r(41).
6
Let b(d) = -2*d**3 + 9*d**2 - 166*d + 474. Give b(3).
3
Let s(x) = -5*x**2 + 12*x - 1. Calculate s(1).
6
Let b(p) = -34*p + 240. Determine b(8).
-32
Let l(v) = -1117*v + 2228. What is l(2)?
-6
Let k(u) = -6*u**2 + 26*u - 21. What is k(1)?
-1
Let z(o) = -14*o**3 + 2*o**2 - 6*o - 9. Give z(-2).
123
Let i(f) = 319*f - 946. What is i(3)?
11
Let i(t) = -20945*t - 83783. Give i(-4).
-3
Let q(o) = o**2 + 19*o + 105. Calculate q(-6).
27
Let l(r) = 16*r - 713. Calculate l(46).
23
Let f(m) = m**3 - 106*m**2 - 1164*m - 24. Give f(-10).
16
Let r(p) = p**2 - 150*p - 798. Calculate r(155).
-23
Let q(a) = -4*a**2 + 48*a + 230. Calculate q(-5).
-110
Let a(p) = 31*p**2 - 128*p - 127. Determine a(5).
8
Let u(h) = -h**2 - 51*h - 60. Give u(-51).
-60
Let w(r) = -r**3 + r**2 + 53*r - 24. What is w(0)?
-24
Let l(d) = -d**3 + 20*d**2 + 258*d - 963. Determine l(28).
-11
Let n(c) = -2*c**2 - 341*c - 11386. Determine n(-46).
68
Let r(o) = 14*o - 19. Determine r(-1).
-33
Let t(b) = -b**3 + 12*b**2 - 6*b - 10. Determine t(0).
-10
Let k(d) = -58*d**2 - 869*d + 14. Give k(-15).
-1
Let v(y) = 7*y**2 - 107*y - 205. Calculate v(17).
-1
Let l(g) = 319*g - 11800. Calculate l(37).
3
Let y(g) = -2*g**2 - 662*g + 19331. Give y(27).